CRAN Package Check Results for Package lexicon

Last updated on 2018-02-24 09:51:34 CET.

Flavor Version Tinstall Tcheck Ttotal Status Flags
r-devel-linux-x86_64-debian-clang 0.7.4 5.74 32.99 38.73 OK
r-devel-linux-x86_64-debian-gcc 0.7.4 4.86 27.31 32.17 OK
r-devel-linux-x86_64-fedora-clang 0.7.4 50.24 OK
r-devel-linux-x86_64-fedora-gcc 0.7.4 46.96 OK
r-devel-windows-ix86+x86_64 0.7.4 14.00 59.00 73.00 OK
r-patched-linux-x86_64 0.7.4 6.69 35.50 42.19 OK
r-patched-solaris-x86 0.7.4 76.30 OK
r-release-linux-x86_64 0.7.4 6.45 34.51 40.96 OK
r-release-windows-ix86+x86_64 0.7.4 16.00 61.00 77.00 OK
r-release-osx-x86_64 0.7.4 OK
r-oldrel-windows-ix86+x86_64 0.7.4 12.00 45.00 57.00 OK
r-oldrel-osx-x86_64 0.6.3 NOTE

Check Details

Version: 0.6.3
Check: data for non-ASCII characters
Result: NOTE
     Note: found 32 marked UTF-8 strings
Flavor: r-oldrel-osx-x86_64