Last updated on 2018-02-24 09:51:34 CET.
Flavor | Version | Tinstall | Tcheck | Ttotal | Status | Flags |
---|---|---|---|---|---|---|
r-devel-linux-x86_64-debian-clang | 1.4 | 48.37 | 123.80 | 172.17 | NOTE | |
r-devel-linux-x86_64-debian-gcc | 1.4 | 40.19 | 88.77 | 128.96 | NOTE | |
r-devel-linux-x86_64-fedora-clang | 1.4 | 224.22 | NOTE | |||
r-devel-linux-x86_64-fedora-gcc | 1.4 | 206.11 | NOTE | |||
r-devel-windows-ix86+x86_64 | 1.4 | 136.00 | 293.00 | 429.00 | NOTE | |
r-patched-linux-x86_64 | 1.4 | 46.73 | 92.14 | 138.87 | NOTE | |
r-patched-solaris-x86 | 1.4 | 194.80 | NOTE | |||
r-release-linux-x86_64 | 1.4 | 51.01 | 92.01 | 143.02 | NOTE | |
r-release-windows-ix86+x86_64 | 1.4 | 138.00 | 222.00 | 360.00 | NOTE | |
r-release-osx-x86_64 | 1.4 | OK | ||||
r-oldrel-windows-ix86+x86_64 | 1.3 | 92.00 | 151.00 | 243.00 | NOTE | |
r-oldrel-osx-x86_64 | 1.4 | ERROR |
Version: 1.4
Check: Rd \usage sections
Result: NOTE
S3 methods shown with full name in documentation object 'cbind.fsets':
‘cbind.fsets’
The \usage entries for S3 methods should use the \method markup and not
their full name.
See chapter ‘Writing R documentation files’ in the ‘Writing R
Extensions’ manual.
Flavors: r-devel-linux-x86_64-debian-clang, r-devel-linux-x86_64-debian-gcc, r-devel-linux-x86_64-fedora-clang, r-devel-linux-x86_64-fedora-gcc, r-devel-windows-ix86+x86_64, r-patched-linux-x86_64, r-patched-solaris-x86, r-release-linux-x86_64, r-release-windows-ix86+x86_64
Version: 1.4
Check: package dependencies
Result: NOTE
Package suggested but not available for checking: 'doMC'
Flavors: r-devel-windows-ix86+x86_64, r-release-windows-ix86+x86_64
Version: 1.4
Check: Rd cross-references
Result: NOTE
Package unavailable to check Rd xrefs: 'doMC'
Flavors: r-devel-windows-ix86+x86_64, r-release-windows-ix86+x86_64
Version: 1.3
Check: package dependencies
Result: NOTE
Package suggested but not available for checking: 'doMC'
Flavor: r-oldrel-windows-ix86+x86_64
Version: 1.3
Check: Rd cross-references
Result: NOTE
Package unavailable to check Rd xrefs: 'doMC'
Flavor: r-oldrel-windows-ix86+x86_64
Version: 1.4
Check: whether package can be installed
Result: ERROR
Installation failed.
Flavor: r-oldrel-osx-x86_64