Last updated on 2018-02-24 09:51:34 CET.
Flavor | Version | Tinstall | Tcheck | Ttotal | Status | Flags |
---|---|---|---|---|---|---|
r-devel-linux-x86_64-debian-clang | 1.3.5 | 3.97 | 41.75 | 45.72 | OK | |
r-devel-linux-x86_64-debian-gcc | 1.3.5 | 3.05 | 33.60 | 36.65 | OK | |
r-devel-linux-x86_64-fedora-clang | 1.3.5 | 58.92 | NOTE | |||
r-devel-linux-x86_64-fedora-gcc | 1.3.5 | 53.87 | NOTE | |||
r-devel-windows-ix86+x86_64 | 1.3.5 | 9.00 | 77.00 | 86.00 | OK | |
r-patched-linux-x86_64 | 1.3.5 | 2.04 | 47.05 | 49.09 | OK | |
r-patched-solaris-x86 | 1.3.5 | 79.20 | NOTE | |||
r-release-linux-x86_64 | 1.3.5 | 2.34 | 47.15 | 49.49 | OK | |
r-release-windows-ix86+x86_64 | 1.3.5 | 12.00 | 83.00 | 95.00 | OK | |
r-release-osx-x86_64 | 1.3.5 | NOTE | ||||
r-oldrel-windows-ix86+x86_64 | 1.3.5 | 5.00 | 58.00 | 63.00 | OK | |
r-oldrel-osx-x86_64 | 1.3.5 | NOTE |
Version: 1.3.5
Check: data for non-ASCII characters
Result: NOTE
Note: found 7 marked UTF-8 strings
Flavors: r-devel-linux-x86_64-fedora-clang, r-devel-linux-x86_64-fedora-gcc, r-patched-solaris-x86, r-release-osx-x86_64, r-oldrel-osx-x86_64
Version: 1.3.5
Check: package dependencies
Result: NOTE
Package suggested but not available for checking: ‘devtools’
Flavor: r-release-osx-x86_64