Last updated on 2018-02-24 09:51:34 CET.
Flavor | Version | Tinstall | Tcheck | Ttotal | Status | Flags |
---|---|---|---|---|---|---|
r-devel-linux-x86_64-debian-clang | 5.5.2.0-17 | 29.93 | 25.91 | 55.84 | NOTE | |
r-devel-linux-x86_64-debian-gcc | 5.5.2.0-17 | 20.97 | 20.31 | 41.28 | NOTE | |
r-devel-linux-x86_64-fedora-clang | 5.5.2.0-17 | 74.04 | NOTE | |||
r-devel-linux-x86_64-fedora-gcc | 5.5.2.0-17 | 66.64 | NOTE | |||
r-devel-windows-ix86+x86_64 | 5.5.2.0-17 | 175.00 | 50.00 | 225.00 | OK | |
r-patched-linux-x86_64 | 5.5.2.0-17 | 27.99 | 25.64 | 53.63 | NOTE | |
r-patched-solaris-x86 | 5.5.2.0-17 | 104.00 | OK | |||
r-release-linux-x86_64 | 5.5.2.0-17 | 28.34 | 25.62 | 53.96 | NOTE | |
r-release-windows-ix86+x86_64 | 5.5.2.0-17 | 114.00 | 48.00 | 162.00 | OK | |
r-release-osx-x86_64 | 5.5.2.0-17 | OK | ||||
r-oldrel-windows-ix86+x86_64 | 5.5.2.0-17 | 276.00 | 39.00 | 315.00 | OK | |
r-oldrel-osx-x86_64 | 5.5.2.0-17 | OK |
Version: 5.5.2.0-17
Check: compiled code
Result: NOTE
File ‘lpSolveAPI/libs/lpSolveAPI.so’:
Found no call to: ‘R_useDynamicSymbols’
It is good practice to register native routines and to disable symbol
search.
See ‘Writing portable packages’ in the ‘Writing R Extensions’ manual.
Flavors: r-devel-linux-x86_64-debian-clang, r-devel-linux-x86_64-debian-gcc, r-devel-linux-x86_64-fedora-clang, r-devel-linux-x86_64-fedora-gcc, r-patched-linux-x86_64, r-release-linux-x86_64