CRAN Package Check Results for Package ltsa

Last updated on 2018-02-24 09:51:35 CET.

Flavor Version Tinstall Tcheck Ttotal Status Flags
r-devel-linux-x86_64-debian-clang 1.4.6 3.48 25.67 29.15 NOTE
r-devel-linux-x86_64-debian-gcc 1.4.6 2.75 19.72 22.47 NOTE
r-devel-linux-x86_64-fedora-clang 1.4.6 36.99 NOTE
r-devel-linux-x86_64-fedora-gcc 1.4.6 34.33 NOTE
r-devel-windows-ix86+x86_64 1.4.6 20.00 42.00 62.00 OK
r-patched-linux-x86_64 1.4.6 2.35 25.55 27.90 NOTE
r-patched-solaris-x86 1.4.6 44.20 OK
r-release-linux-x86_64 1.4.6 2.40 25.25 27.65 NOTE
r-release-windows-ix86+x86_64 1.4.6 14.00 41.00 55.00 OK
r-release-osx-x86_64 1.4.6 OK
r-oldrel-windows-ix86+x86_64 1.4.6 10.00 37.00 47.00 OK
r-oldrel-osx-x86_64 1.4.6 OK

Check Details

Version: 1.4.6
Check: compiled code
Result: NOTE
    File ‘ltsa/libs/ltsa.so’:
     Found no calls to: ‘R_registerRoutines’, ‘R_useDynamicSymbols’
    
    It is good practice to register native routines and to disable symbol
    search.
    
    See ‘Writing portable packages’ in the ‘Writing R Extensions’ manual.
Flavors: r-devel-linux-x86_64-debian-clang, r-devel-linux-x86_64-debian-gcc, r-devel-linux-x86_64-fedora-clang, r-devel-linux-x86_64-fedora-gcc, r-patched-linux-x86_64, r-release-linux-x86_64