Last updated on 2018-02-24 09:51:35 CET.
Flavor | Version | Tinstall | Tcheck | Ttotal | Status | Flags |
---|---|---|---|---|---|---|
r-devel-linux-x86_64-debian-clang | 0.3.4 | 4.54 | 61.68 | 66.22 | OK | |
r-devel-linux-x86_64-debian-gcc | 0.3.4 | 3.67 | 48.92 | 52.59 | OK | |
r-devel-linux-x86_64-fedora-clang | 0.3.4 | 83.03 | NOTE | |||
r-devel-linux-x86_64-fedora-gcc | 0.3.4 | 77.79 | NOTE | |||
r-devel-windows-ix86+x86_64 | 0.3.4 | 14.00 | 123.00 | 137.00 | OK | |
r-patched-linux-x86_64 | 0.3.4 | 3.93 | 67.84 | 71.77 | OK | |
r-patched-solaris-x86 | 0.3.4 | 119.40 | NOTE | |||
r-release-linux-x86_64 | 0.3.4 | 4.24 | 67.42 | 71.66 | OK | |
r-release-windows-ix86+x86_64 | 0.3.4 | 18.00 | 120.00 | 138.00 | OK | |
r-release-osx-x86_64 | 0.3.4 | NOTE | ||||
r-oldrel-windows-ix86+x86_64 | 0.3.4 | 10.00 | 86.00 | 96.00 | OK | |
r-oldrel-osx-x86_64 | 0.3.4 | NOTE |
Version: 0.3.4
Check: data for non-ASCII characters
Result: NOTE
Note: found 164 marked UTF-8 strings
Flavors: r-devel-linux-x86_64-fedora-clang, r-devel-linux-x86_64-fedora-gcc, r-patched-solaris-x86, r-release-osx-x86_64, r-oldrel-osx-x86_64