CRAN Package Check Results for Package matlab

Last updated on 2018-02-24 09:51:35 CET.

Flavor Version Tinstall Tcheck Ttotal Status Flags
r-devel-linux-x86_64-debian-clang 1.0.2 3.27 45.72 48.99 NOTE
r-devel-linux-x86_64-debian-gcc 1.0.2 2.33 36.06 38.39 NOTE
r-devel-linux-x86_64-fedora-clang 1.0.2 60.39 NOTE
r-devel-linux-x86_64-fedora-gcc 1.0.2 56.83 NOTE
r-devel-windows-ix86+x86_64 1.0.2 9.00 67.00 76.00 NOTE
r-patched-linux-x86_64 1.0.2 1.70 48.98 50.68 NOTE
r-patched-solaris-x86 1.0.2 86.00 NOTE
r-release-linux-x86_64 1.0.2 1.60 48.44 50.04 NOTE
r-release-windows-ix86+x86_64 1.0.2 4.00 64.00 68.00 NOTE
r-release-osx-x86_64 1.0.2 NOTE
r-oldrel-windows-ix86+x86_64 1.0.2 3.00 59.00 62.00 NOTE
r-oldrel-osx-x86_64 1.0.2 NOTE

Check Details

Version: 1.0.2
Check: DESCRIPTION meta-information
Result: NOTE
    Malformed Description field: should contain one or more complete sentences.
Flavors: r-devel-linux-x86_64-debian-clang, r-devel-linux-x86_64-debian-gcc, r-devel-linux-x86_64-fedora-clang, r-devel-linux-x86_64-fedora-gcc, r-devel-windows-ix86+x86_64, r-patched-linux-x86_64, r-patched-solaris-x86, r-release-linux-x86_64, r-release-windows-ix86+x86_64, r-release-osx-x86_64, r-oldrel-windows-ix86+x86_64, r-oldrel-osx-x86_64

Version: 1.0.2
Check: R code for possible problems
Result: NOTE
    Found the following possibly unsafe calls:
    File ‘matlab/R/zzz.R’:
     unlockBinding("savedTime", .MatlabNamespaceEnv)
    
    colorbar : colorbar.EO: no visible global function definition for ‘par’
    colorbar : colorbar.EO: no visible global function definition for
     ‘axis’
    colorbar : colorbar.EO: no visible global function definition for
     ‘axTicks’
    colorbar : colorbar.EO: no visible global function definition for ‘box’
    colorbar : colorbar.NO: no visible global function definition for
     ‘axis’
    colorbar : colorbar.NO: no visible global function definition for
     ‘axTicks’
    colorbar : colorbar.NO: no visible global function definition for ‘box’
    imagesc : pretty.axp: no visible global function definition for ‘par’
    imagesc: no visible global function definition for ‘axis’
    imagesc: no visible global function definition for ‘box’
    jet.colors: no visible global function definition for ‘rgb’
    multiline.plot.colors : get.gca.colororder: no visible global function
     definition for ‘rgb’
    std: no visible global function definition for ‘sd’
    Undefined global functions or variables:
     axTicks axis box par rgb sd
    Consider adding
     importFrom("grDevices", "rgb")
     importFrom("graphics", "axTicks", "axis", "box", "par")
     importFrom("stats", "sd")
    to your NAMESPACE file.
Flavors: r-devel-linux-x86_64-debian-clang, r-devel-linux-x86_64-debian-gcc, r-devel-linux-x86_64-fedora-clang, r-devel-linux-x86_64-fedora-gcc, r-devel-windows-ix86+x86_64, r-patched-linux-x86_64, r-patched-solaris-x86, r-release-linux-x86_64, r-release-windows-ix86+x86_64, r-release-osx-x86_64, r-oldrel-windows-ix86+x86_64, r-oldrel-osx-x86_64