Last updated on 2018-02-24 09:51:37 CET.
Flavor | Version | Tinstall | Tcheck | Ttotal | Status | Flags |
---|---|---|---|---|---|---|
r-devel-linux-x86_64-debian-clang | 0.16.0 | 2.77 | 29.04 | 31.81 | OK | |
r-devel-linux-x86_64-debian-gcc | 0.16.0 | 1.92 | 22.78 | 24.70 | OK | |
r-devel-linux-x86_64-fedora-clang | 0.16.0 | 39.51 | NOTE | |||
r-devel-linux-x86_64-fedora-gcc | 0.16.0 | 38.38 | NOTE | |||
r-devel-windows-ix86+x86_64 | 0.16.0 | 9.00 | 54.00 | 63.00 | OK | |
r-patched-linux-x86_64 | 0.16.0 | 3.05 | 29.95 | 33.00 | OK | |
r-patched-solaris-x86 | 0.16.0 | 60.80 | NOTE | |||
r-release-linux-x86_64 | 0.16.0 | 3.07 | 30.14 | 33.21 | OK | |
r-release-windows-ix86+x86_64 | 0.16.0 | 6.00 | 53.00 | 59.00 | OK | |
r-release-osx-x86_64 | 0.16.0 | NOTE | ||||
r-oldrel-windows-ix86+x86_64 | 0.16.0 | 5.00 | 40.00 | 45.00 | OK | |
r-oldrel-osx-x86_64 | 0.14.0 | NOTE |
Version: 0.16.0
Check: data for non-ASCII characters
Result: NOTE
Note: found 7 marked UTF-8 strings
Flavors: r-devel-linux-x86_64-fedora-clang, r-devel-linux-x86_64-fedora-gcc, r-patched-solaris-x86, r-release-osx-x86_64
Version: 0.14.0
Check: data for non-ASCII characters
Result: NOTE
Note: found 7 marked UTF-8 strings
Flavor: r-oldrel-osx-x86_64