Last updated on 2018-02-24 09:51:37 CET.
Flavor | Version | Tinstall | Tcheck | Ttotal | Status | Flags |
---|---|---|---|---|---|---|
r-devel-linux-x86_64-debian-clang | 1.0.0 | 4.40 | 121.17 | 125.57 | OK | |
r-devel-linux-x86_64-debian-gcc | 1.0.0 | 5.11 | 93.43 | 98.54 | OK | |
r-devel-linux-x86_64-fedora-clang | 1.0.0 | 147.69 | NOTE | |||
r-devel-linux-x86_64-fedora-gcc | 1.0.0 | 142.48 | NOTE | |||
r-devel-windows-ix86+x86_64 | 1.0.0 | 13.00 | 172.00 | 185.00 | OK | |
r-patched-linux-x86_64 | 1.0.0 | 4.67 | 136.96 | 141.63 | OK | |
r-patched-solaris-x86 | 1.0.0 | 286.50 | NOTE | |||
r-release-linux-x86_64 | 1.0.0 | 4.75 | 137.61 | 142.36 | OK | |
r-release-windows-ix86+x86_64 | 1.0.0 | 15.00 | 195.00 | 210.00 | OK | |
r-release-osx-x86_64 | 1.0.0 | NOTE | ||||
r-oldrel-windows-ix86+x86_64 | 1.0.0 | 9.00 | 134.00 | 143.00 | OK | |
r-oldrel-osx-x86_64 | 1.0.0 | NOTE |
Version: 1.0.0
Check: dependencies in R code
Result: NOTE
Namespaces in Imports field not imported from:
‘hms’ ‘methods’
All declared Imports should be used.
Flavors: r-devel-linux-x86_64-fedora-clang, r-devel-linux-x86_64-fedora-gcc, r-patched-solaris-x86, r-release-osx-x86_64, r-oldrel-osx-x86_64