CRAN Package Check Results for Package mvnpermute

Last updated on 2018-02-24 09:51:38 CET.

Flavor Version Tinstall Tcheck Ttotal Status Flags
r-devel-linux-x86_64-debian-clang 1.0.0 0.71 14.99 15.70 NOTE
r-devel-linux-x86_64-debian-gcc 1.0.0 0.60 12.05 12.65 NOTE
r-devel-linux-x86_64-fedora-clang 1.0.0 19.18 NOTE
r-devel-linux-x86_64-fedora-gcc 1.0.0 17.83 NOTE
r-devel-windows-ix86+x86_64 1.0.0 3.00 25.00 28.00 NOTE
r-patched-linux-x86_64 1.0.0 0.78 13.99 14.77 NOTE
r-patched-solaris-x86 1.0.0 26.30 NOTE
r-release-linux-x86_64 1.0.0 0.57 13.72 14.29 NOTE
r-release-windows-ix86+x86_64 1.0.0 2.00 22.00 24.00 NOTE
r-release-osx-x86_64 1.0.0 NOTE
r-oldrel-windows-ix86+x86_64 1.0.0 2.00 21.00 23.00 NOTE
r-oldrel-osx-x86_64 1.0.0 NOTE

Check Details

Version: 1.0.0
Check: R code for possible problems
Result: NOTE
    mvnpermute: no visible global function definition for ‘lm’
    mvnpermute: no visible global function definition for ‘coef’
    mvnpermute: no visible global function definition for ‘resid’
    Undefined global functions or variables:
     coef lm resid
    Consider adding
     importFrom("stats", "coef", "lm", "resid")
    to your NAMESPACE file.
Flavors: r-devel-linux-x86_64-debian-clang, r-devel-linux-x86_64-debian-gcc, r-devel-linux-x86_64-fedora-clang, r-devel-linux-x86_64-fedora-gcc, r-devel-windows-ix86+x86_64, r-patched-linux-x86_64, r-patched-solaris-x86, r-release-linux-x86_64, r-release-windows-ix86+x86_64, r-release-osx-x86_64, r-oldrel-windows-ix86+x86_64, r-oldrel-osx-x86_64