CRAN Package Check Results for Package nardl

Last updated on 2018-02-24 09:51:38 CET.

Flavor Version Tinstall Tcheck Ttotal Status Flags
r-devel-linux-x86_64-debian-clang 0.1.2 6.38 69.03 75.41 OK
r-devel-linux-x86_64-debian-gcc 0.1.2 5.37 55.92 61.29 OK
r-devel-linux-x86_64-fedora-clang 0.1.2 95.93 NOTE
r-devel-linux-x86_64-fedora-gcc 0.1.2 91.32 NOTE
r-devel-windows-ix86+x86_64 0.1.2 14.00 104.00 118.00 OK
r-patched-linux-x86_64 0.1.2 4.00 70.53 74.53 OK
r-patched-solaris-x86 0.1.2 144.70 NOTE
r-release-linux-x86_64 0.1.2 4.42 70.82 75.24 OK
r-release-windows-ix86+x86_64 0.1.2 15.00 108.00 123.00 OK
r-release-osx-x86_64 0.1.2 NOTE
r-oldrel-windows-ix86+x86_64 0.1.2 10.00 103.00 113.00 OK
r-oldrel-osx-x86_64 0.1.0 OK

Check Details

Version: 0.1.2
Check: dependencies in R code
Result: NOTE
    Namespace in Imports field not imported from: ‘methods’
     All declared Imports should be used.
Flavors: r-devel-linux-x86_64-fedora-clang, r-devel-linux-x86_64-fedora-gcc, r-patched-solaris-x86, r-release-osx-x86_64