CRAN Package Check Results for Package noaastormevents

Last updated on 2018-02-24 09:51:38 CET.

Flavor Version Tinstall Tcheck Ttotal Status Flags
r-devel-linux-x86_64-debian-clang 0.1.0 3.54 38.12 41.66 NOTE
r-devel-linux-x86_64-debian-gcc 0.1.0 2.43 30.25 32.68 NOTE
r-devel-linux-x86_64-fedora-clang 0.1.0 51.05 NOTE
r-devel-linux-x86_64-fedora-gcc 0.1.0 48.34 NOTE
r-devel-windows-ix86+x86_64 0.1.0 10.00 72.00 82.00 NOTE
r-patched-linux-x86_64 0.1.0 2.31 42.73 45.04 NOTE
r-patched-solaris-x86 0.1.0 74.90 NOTE
r-release-linux-x86_64 0.1.0 2.41 41.71 44.12 NOTE
r-release-windows-ix86+x86_64 0.1.0 10.00 71.00 81.00 NOTE
r-release-osx-x86_64 0.1.0 NOTE
r-oldrel-windows-ix86+x86_64 0.1.0 7.00 49.00 56.00 NOTE
r-oldrel-osx-x86_64 0.1.0 NOTE

Check Details

Version: 0.1.0
Check: package dependencies
Result: NOTE
    Package suggested but not available for checking: ‘hurricaneexposuredata’
Flavors: r-devel-linux-x86_64-debian-clang, r-devel-linux-x86_64-debian-gcc, r-devel-linux-x86_64-fedora-clang, r-devel-linux-x86_64-fedora-gcc, r-devel-windows-ix86+x86_64, r-patched-linux-x86_64, r-patched-solaris-x86, r-release-linux-x86_64, r-release-windows-ix86+x86_64, r-release-osx-x86_64, r-oldrel-windows-ix86+x86_64, r-oldrel-osx-x86_64

Version: 0.1.0
Check: dependencies in R code
Result: NOTE
    Namespaces in Imports field not imported from:
     ‘RColorBrewer’ ‘XML’ ‘choroplethr’ ‘choroplethrMaps’ ‘data.table’
     ‘forcats’ ‘hurricaneexposure’ ‘plyr’
     All declared Imports should be used.
Flavors: r-devel-linux-x86_64-fedora-clang, r-devel-linux-x86_64-fedora-gcc, r-patched-solaris-x86, r-release-osx-x86_64, r-oldrel-osx-x86_64