Last updated on 2018-02-24 09:51:39 CET.
Flavor | Version | Tinstall | Tcheck | Ttotal | Status | Flags |
---|---|---|---|---|---|---|
r-devel-linux-x86_64-debian-clang | 0.7.9 | 6.22 | 73.76 | 79.98 | OK | |
r-devel-linux-x86_64-debian-gcc | 0.7.9 | 4.03 | 57.67 | 61.70 | OK | |
r-devel-linux-x86_64-fedora-clang | 0.7.9 | 97.18 | OK | |||
r-devel-linux-x86_64-fedora-gcc | 0.7.9 | 94.32 | OK | |||
r-devel-windows-ix86+x86_64 | 0.7.9 | 19.00 | 104.00 | 123.00 | OK | |
r-patched-linux-x86_64 | 0.7.9 | 3.43 | 87.54 | 90.97 | OK | |
r-patched-solaris-x86 | 0.7.9 | 116.60 | OK | |||
r-release-linux-x86_64 | 0.7.9 | 4.07 | 86.09 | 90.16 | OK | |
r-release-windows-ix86+x86_64 | 0.7.9 | 15.00 | 114.00 | 129.00 | OK | |
r-release-osx-x86_64 | 0.7.9 | NOTE | ||||
r-oldrel-windows-ix86+x86_64 | 0.7.9 | 12.00 | 80.00 | 92.00 | OK | |
r-oldrel-osx-x86_64 | 0.7.9 | NOTE |
Version: 0.7.9
Check: R code for possible problems
Result: NOTE
metaplot_character: no visible binding for global variable ‘pack’
Undefined global functions or variables:
pack
Flavors: r-release-osx-x86_64, r-oldrel-osx-x86_64