Last updated on 2018-02-24 09:51:39 CET.
Flavor | Version | Tinstall | Tcheck | Ttotal | Status | Flags |
---|---|---|---|---|---|---|
r-devel-linux-x86_64-debian-clang | 0.1.1 | 4.99 | 64.62 | 69.61 | WARN | |
r-devel-linux-x86_64-debian-gcc | 0.1.1 | 4.77 | 50.50 | 55.27 | WARN | |
r-devel-linux-x86_64-fedora-clang | 0.1.1 | 47.85 | WARN | |||
r-devel-linux-x86_64-fedora-gcc | 0.1.1 | 44.18 | WARN | |||
r-devel-windows-ix86+x86_64 | 0.1.1 | 14.00 | 273.00 | 287.00 | OK | |
r-patched-linux-x86_64 | 0.1.1 | 3.45 | 75.02 | 78.47 | WARN | |
r-patched-solaris-x86 | 0.1.1 | 105.30 | WARN | |||
r-release-linux-x86_64 | 0.1.1 | 2.56 | 72.64 | 75.20 | WARN | |
r-release-windows-ix86+x86_64 | 0.1.1 | 9.00 | 238.00 | 247.00 | OK | |
r-release-osx-x86_64 | 0.1.1 | OK | ||||
r-oldrel-windows-ix86+x86_64 | 0.1.1 | 6.00 | 226.00 | 232.00 | OK | |
r-oldrel-osx-x86_64 | 0.1.1 | OK |
Version: 0.1.1
Check: DESCRIPTION meta-information
Result: NOTE
Dependence on R version ‘3.3.2’ not with patchlevel 0
Flavors: r-devel-linux-x86_64-debian-clang, r-devel-linux-x86_64-debian-gcc, r-devel-linux-x86_64-fedora-clang, r-devel-linux-x86_64-fedora-gcc
Version: 0.1.1
Check: re-building of vignette outputs
Result: WARN
Error in re-building vignettes:
...
Warning in engine$weave(file, quiet = quiet, encoding = enc) :
The vignette engine knitr::rmarkdown is not available, because the rmarkdown package is not installed. Please install it.
Quitting from lines 195-196 (nowcasting-vignette.Rmd)
Error: processing vignette ‘nowcasting-vignette.Rmd’ failed with diagnostics:
Failed to connect to database: Error: Can't connect to MySQL server on '200.20.164.178' (110 "Connection timed out")
Execution halted
Flavors: r-devel-linux-x86_64-debian-clang, r-devel-linux-x86_64-debian-gcc, r-devel-linux-x86_64-fedora-clang, r-devel-linux-x86_64-fedora-gcc
Version: 0.1.1
Check: re-building of vignette outputs
Result: WARN
Error in re-building vignettes:
...
Quitting from lines 195-196 (nowcasting-vignette.Rmd)
Error: processing vignette ‘nowcasting-vignette.Rmd’ failed with diagnostics:
Failed to connect to database: Error: Can't connect to MySQL server on '200.20.164.178' (110 "Connection timed out")
Execution halted
Flavors: r-patched-linux-x86_64, r-release-linux-x86_64
Version: 0.1.1
Check: re-building of vignette outputs
Result: WARN
Error in re-building vignettes:
...
Warning in engine$weave(file, quiet = quiet, encoding = enc) :
Pandoc (>= 1.12.3) and/or pandoc-citeproc not available. Falling back to R Markdown v1.
Quitting from lines 195-196 (nowcasting-vignette.Rmd)
Error: processing vignette 'nowcasting-vignette.Rmd' failed with diagnostics:
Failed to connect to database: Error: Can't connect to MySQL server on '200.20.164.178' (145)
Execution halted
Flavor: r-patched-solaris-x86