CRAN Package Check Results for Package nsga2R

Last updated on 2018-02-24 09:51:39 CET.

Flavor Version Tinstall Tcheck Ttotal Status Flags
r-devel-linux-x86_64-debian-clang 1.0 1.01 22.35 23.36 NOTE
r-devel-linux-x86_64-debian-gcc 1.0 1.00 16.85 17.85 NOTE
r-devel-linux-x86_64-fedora-clang 1.0 28.76 NOTE
r-devel-linux-x86_64-fedora-gcc 1.0 25.65 NOTE
r-devel-windows-ix86+x86_64 1.0 5.00 34.00 39.00 NOTE
r-patched-linux-x86_64 1.0 0.85 20.98 21.83 NOTE
r-patched-solaris-x86 1.0 34.50 NOTE
r-release-linux-x86_64 1.0 0.77 20.93 21.70 NOTE
r-release-windows-ix86+x86_64 1.0 2.00 45.00 47.00 NOTE
r-release-osx-x86_64 1.0 NOTE
r-oldrel-windows-ix86+x86_64 1.0 2.00 44.00 46.00 NOTE
r-oldrel-osx-x86_64 1.0 NOTE

Check Details

Version: 1.0
Check: dependencies in R code
Result: NOTE
    Package in Depends field not imported from: ‘mco’
     These packages need to be imported from (in the NAMESPACE file)
     for when this namespace is loaded but not attached.
Flavors: r-devel-linux-x86_64-debian-clang, r-devel-linux-x86_64-debian-gcc, r-devel-linux-x86_64-fedora-clang, r-devel-linux-x86_64-fedora-gcc, r-devel-windows-ix86+x86_64, r-patched-linux-x86_64, r-patched-solaris-x86, r-release-linux-x86_64, r-release-windows-ix86+x86_64, r-release-osx-x86_64, r-oldrel-windows-ix86+x86_64, r-oldrel-osx-x86_64

Version: 1.0
Check: R code for possible problems
Result: NOTE
    boundedPolyMutation: no visible global function definition for ‘runif’
    boundedSBXover: no visible global function definition for ‘runif’
    nsga2R : <anonymous>: no visible global function definition for ‘runif’
    Undefined global functions or variables:
     runif
    Consider adding
     importFrom("stats", "runif")
    to your NAMESPACE file.
Flavors: r-devel-linux-x86_64-debian-clang, r-devel-linux-x86_64-debian-gcc, r-devel-linux-x86_64-fedora-clang, r-devel-linux-x86_64-fedora-gcc, r-devel-windows-ix86+x86_64, r-patched-linux-x86_64, r-patched-solaris-x86, r-release-linux-x86_64, r-release-windows-ix86+x86_64, r-release-osx-x86_64, r-oldrel-windows-ix86+x86_64, r-oldrel-osx-x86_64