Last updated on 2018-02-24 09:51:39 CET.
Flavor | Version | Tinstall | Tcheck | Ttotal | Status | Flags |
---|---|---|---|---|---|---|
r-devel-linux-x86_64-debian-clang | 0.2.2 | 9.51 | 26.41 | 35.92 | OK | |
r-devel-linux-x86_64-debian-gcc | 0.2.2 | 8.79 | 21.20 | 29.99 | OK | |
r-devel-linux-x86_64-fedora-clang | 0.2.2 | 48.00 | NOTE | |||
r-devel-linux-x86_64-fedora-gcc | 0.2.2 | 43.86 | NOTE | |||
r-devel-windows-ix86+x86_64 | 0.2.2 | 16.00 | 51.00 | 67.00 | NOTE | |
r-patched-linux-x86_64 | 0.2.2 | 10.49 | 26.30 | 36.79 | OK | |
r-patched-solaris-x86 | 0.2.2 | 69.30 | NOTE | |||
r-release-linux-x86_64 | 0.2.2 | 9.55 | 26.39 | 35.94 | OK | |
r-release-windows-ix86+x86_64 | 0.2.2 | 18.00 | 53.00 | 71.00 | NOTE | |
r-release-osx-x86_64 | 0.2.2 | NOTE | ||||
r-oldrel-windows-ix86+x86_64 | 0.2.2 | 14.00 | 34.00 | 48.00 | NOTE | |
r-oldrel-osx-x86_64 | 0.2.2 | NOTE |
Version: 0.2.2
Check: installed package size
Result: NOTE
installed size is 7.0Mb
sub-directories of 1Mb or more:
data 6.9Mb
Flavors: r-devel-linux-x86_64-fedora-clang, r-devel-linux-x86_64-fedora-gcc, r-devel-windows-ix86+x86_64, r-patched-solaris-x86, r-release-windows-ix86+x86_64, r-release-osx-x86_64, r-oldrel-windows-ix86+x86_64, r-oldrel-osx-x86_64