CRAN Package Check Results for Package onls

Last updated on 2018-02-24 09:51:39 CET.

Flavor Version Tinstall Tcheck Ttotal Status Flags
r-devel-linux-x86_64-debian-clang 0.1-1 2.20 34.91 37.11 OK
r-devel-linux-x86_64-debian-gcc 0.1-1 1.31 25.87 27.18 OK
r-devel-linux-x86_64-fedora-clang 0.1-1 76.85 OK
r-devel-linux-x86_64-fedora-gcc 0.1-1 77.29 OK
r-devel-windows-ix86+x86_64 0.1-1 6.00 52.00 58.00 OK
r-patched-linux-x86_64 0.1-1 1.00 33.44 34.44 OK
r-patched-solaris-x86 0.1-1 71.70 OK
r-release-linux-x86_64 0.1-1 0.74 57.97 58.71 OK
r-release-windows-ix86+x86_64 0.1-1 4.00 102.00 106.00 OK
r-release-osx-x86_64 0.1-1 NOTE
r-oldrel-windows-ix86+x86_64 0.1-1 3.00 112.00 115.00 OK
r-oldrel-osx-x86_64 0.1-1 OK

Check Details

Version: 0.1-1
Check: re-building of vignette outputs
Result: NOTE
    Error in re-building vignettes:
     ...
    Loading required package: minpack.lm
    Waiting for profiling to be done...
    Error in texi2dvi(file = file, pdf = TRUE, clean = clean, quiet = quiet, :
     Running 'texi2dvi' on 'onls.tex' failed.
    LaTeX errors:
    ! LaTeX Error: File `fullpage.sty' not found.
    
    Type X to quit or <RETURN> to proceed,
    or enter new name. (Default extension: sty)
    
    ! Emergency stop.
    <read *>
    
    l.9 ^^M
    
    ! ==> Fatal error occurred, no output PDF file produced!
    Calls: buildVignettes -> texi2pdf -> texi2dvi
    Execution halted
Flavor: r-release-osx-x86_64