CRAN Package Check Results for Package pBrackets

Last updated on 2018-02-24 09:51:40 CET.

Flavor Version Tinstall Tcheck Ttotal Status Flags
r-devel-linux-x86_64-debian-clang 1.0 1.20 20.18 21.38 NOTE
r-devel-linux-x86_64-debian-gcc 1.0 0.87 16.21 17.08 NOTE
r-devel-linux-x86_64-fedora-clang 1.0 26.58 NOTE
r-devel-linux-x86_64-fedora-gcc 1.0 25.33 NOTE
r-devel-windows-ix86+x86_64 1.0 5.00 32.00 37.00 NOTE
r-patched-linux-x86_64 1.0 0.81 19.99 20.80 NOTE
r-patched-solaris-x86 1.0 34.80 NOTE
r-release-linux-x86_64 1.0 0.64 19.87 20.51 NOTE
r-release-windows-ix86+x86_64 1.0 3.00 32.00 35.00 NOTE
r-release-osx-x86_64 1.0 NOTE
r-oldrel-windows-ix86+x86_64 1.0 2.00 30.00 32.00 NOTE
r-oldrel-osx-x86_64 1.0 NOTE

Check Details

Version: 1.0
Check: R code for possible problems
Result: NOTE
    a_get_native: no visible global function definition for ‘par’
    a_get_relative: no visible global function definition for ‘par’
    brackets: no visible global function definition for ‘par’
    brackets: no visible global function definition for ‘dist’
    brackets: no visible global function definition for ‘lines’
    Undefined global functions or variables:
     dist lines par
    Consider adding
     importFrom("graphics", "lines", "par")
     importFrom("stats", "dist")
    to your NAMESPACE file.
Flavors: r-devel-linux-x86_64-debian-clang, r-devel-linux-x86_64-debian-gcc, r-devel-linux-x86_64-fedora-clang, r-devel-linux-x86_64-fedora-gcc, r-devel-windows-ix86+x86_64, r-patched-linux-x86_64, r-patched-solaris-x86, r-release-linux-x86_64, r-release-windows-ix86+x86_64, r-release-osx-x86_64, r-oldrel-windows-ix86+x86_64, r-oldrel-osx-x86_64