Last updated on 2018-02-24 09:51:42 CET.
Flavor | Version | Tinstall | Tcheck | Ttotal | Status | Flags |
---|---|---|---|---|---|---|
r-devel-linux-x86_64-debian-clang | 1.10.0 | 26.01 | 75.67 | 101.68 | NOTE | |
r-devel-linux-x86_64-debian-gcc | 1.10.0 | 20.83 | 58.37 | 79.20 | NOTE | |
r-devel-linux-x86_64-fedora-clang | 1.10.0 | 133.99 | NOTE | |||
r-devel-linux-x86_64-fedora-gcc | 1.10.0 | 122.47 | NOTE | |||
r-devel-windows-ix86+x86_64 | 1.10.0 | 61.00 | 164.00 | 225.00 | OK | |
r-patched-linux-x86_64 | 1.10.0 | 21.57 | 88.16 | 109.73 | NOTE | |
r-patched-solaris-x86 | 1.10.0 | 166.70 | NOTE | |||
r-release-linux-x86_64 | 1.10.0 | 22.03 | 89.32 | 111.35 | NOTE | |
r-release-windows-ix86+x86_64 | 1.10.0 | 58.00 | 182.00 | 240.00 | OK | |
r-release-osx-x86_64 | 1.10.0 | OK | ||||
r-oldrel-windows-ix86+x86_64 | 1.10.0 | 44.00 | 122.00 | 166.00 | OK | |
r-oldrel-osx-x86_64 | 1.10.0 | OK |
Version: 1.10.0
Check: S3 generic/method consistency
Result: NOTE
Found the following apparent S3 methods exported but not registered:
ci.auc ci.coords ci.se ci.sp ci.thresholds roc.test
See section ‘Registering S3 methods’ in the ‘Writing R Extensions’
manual.
Flavors: r-devel-linux-x86_64-debian-clang, r-devel-linux-x86_64-debian-gcc, r-devel-linux-x86_64-fedora-clang, r-devel-linux-x86_64-fedora-gcc, r-patched-linux-x86_64, r-patched-solaris-x86, r-release-linux-x86_64