CRAN Package Check Results for Package pdc

Last updated on 2018-02-24 09:51:40 CET.

Flavor Version Tinstall Tcheck Ttotal Status Flags
r-devel-linux-x86_64-debian-clang 1.0.3 15.43 22.11 37.54 NOTE
r-devel-linux-x86_64-debian-gcc 1.0.3 9.30 17.83 27.13 NOTE
r-devel-linux-x86_64-fedora-clang 1.0.3 50.62 NOTE
r-devel-linux-x86_64-fedora-gcc 1.0.3 41.14 NOTE
r-devel-windows-ix86+x86_64 1.0.3 36.00 54.00 90.00 OK
r-patched-linux-x86_64 1.0.3 8.79 23.53 32.32 NOTE
r-patched-solaris-x86 1.0.3 59.80 OK
r-release-linux-x86_64 1.0.3 9.01 22.05 31.06 NOTE
r-release-windows-ix86+x86_64 1.0.3 26.00 55.00 81.00 OK
r-release-osx-x86_64 1.0.3 OK
r-oldrel-windows-ix86+x86_64 1.0.3 27.00 49.00 76.00 OK
r-oldrel-osx-x86_64 1.0.3 OK

Check Details

Version: 1.0.3
Check: compiled code
Result: NOTE
    File ‘pdc/libs/pdc.so’:
     Found no calls to: ‘R_registerRoutines’, ‘R_useDynamicSymbols’
    
    It is good practice to register native routines and to disable symbol
    search.
    
    See ‘Writing portable packages’ in the ‘Writing R Extensions’ manual.
Flavors: r-devel-linux-x86_64-debian-clang, r-devel-linux-x86_64-debian-gcc, r-devel-linux-x86_64-fedora-clang, r-devel-linux-x86_64-fedora-gcc, r-patched-linux-x86_64, r-release-linux-x86_64