Last updated on 2018-02-24 09:51:42 CET.
Flavor | Version | Tinstall | Tcheck | Ttotal | Status | Flags |
---|---|---|---|---|---|---|
r-devel-linux-x86_64-debian-clang | 0.0.2 | 0.96 | 32.23 | 33.19 | NOTE | |
r-devel-linux-x86_64-debian-gcc | 0.0.2 | 0.72 | 24.89 | 25.61 | NOTE | |
r-devel-linux-x86_64-fedora-clang | 0.0.2 | 38.68 | NOTE | |||
r-devel-linux-x86_64-fedora-gcc | 0.0.2 | 36.94 | NOTE | |||
r-devel-windows-ix86+x86_64 | 0.0.2 | 3.00 | 60.00 | 63.00 | OK | |
r-patched-linux-x86_64 | 0.0.2 | 0.64 | 41.86 | 42.50 | OK | |
r-patched-solaris-x86 | 0.0.2 | 60.90 | OK | |||
r-release-linux-x86_64 | 0.0.2 | 0.86 | 39.54 | 40.40 | OK | |
r-release-windows-ix86+x86_64 | 0.0.2 | 5.00 | 67.00 | 72.00 | OK | |
r-release-osx-x86_64 | 0.0.2 | OK | ||||
r-oldrel-windows-ix86+x86_64 | 0.0.2 | 2.00 | 40.00 | 42.00 | OK | |
r-oldrel-osx-x86_64 | 0.0.2 | ERROR |
Version: 0.0.2
Check: DESCRIPTION meta-information
Result: NOTE
Dependence on R version ‘3.3.3’ not with patchlevel 0
Flavors: r-devel-linux-x86_64-debian-clang, r-devel-linux-x86_64-debian-gcc, r-devel-linux-x86_64-fedora-clang, r-devel-linux-x86_64-fedora-gcc
Version: 0.0.2
Check: whether package can be installed
Result: ERROR
Installation failed.
Flavor: r-oldrel-osx-x86_64