Last updated on 2018-02-24 09:51:42 CET.
Flavor | Version | Tinstall | Tcheck | Ttotal | Status | Flags |
---|---|---|---|---|---|---|
r-devel-linux-x86_64-debian-clang | 0.1.0 | 3.69 | 42.98 | 46.67 | OK | |
r-devel-linux-x86_64-debian-gcc | 0.1.0 | 3.55 | 37.17 | 40.72 | OK | |
r-devel-linux-x86_64-fedora-clang | 0.1.0 | 57.82 | NOTE | |||
r-devel-linux-x86_64-fedora-gcc | 0.1.0 | 56.79 | NOTE | |||
r-devel-windows-ix86+x86_64 | 0.1.0 | 10.00 | 77.00 | 87.00 | OK | |
r-patched-linux-x86_64 | 0.1.0 | 3.16 | 45.37 | 48.53 | OK | |
r-patched-solaris-x86 | 0.1.0 | 84.60 | NOTE | |||
r-release-linux-x86_64 | 0.1.0 | 3.07 | 44.33 | 47.40 | OK | |
r-release-windows-ix86+x86_64 | 0.1.0 | 14.00 | 73.00 | 87.00 | OK | |
r-release-osx-x86_64 | 0.1.0 | NOTE | ||||
r-oldrel-windows-ix86+x86_64 | 0.1.0 | 8.00 | 54.00 | 62.00 | OK | |
r-oldrel-osx-x86_64 | 0.1.0 | NOTE |
Version: 0.1.0
Check: data for non-ASCII characters
Result: NOTE
Note: found 2 marked UTF-8 strings
Flavors: r-devel-linux-x86_64-fedora-clang, r-devel-linux-x86_64-fedora-gcc, r-patched-solaris-x86, r-release-osx-x86_64, r-oldrel-osx-x86_64