CRAN Package Check Results for Package ptest

Last updated on 2018-02-24 09:51:43 CET.

Flavor Version Tinstall Tcheck Ttotal Status Flags
r-devel-linux-x86_64-debian-clang 1.0-8 6.65 75.69 82.34 NOTE
r-devel-linux-x86_64-debian-gcc 1.0-8 5.09 58.74 63.83 NOTE
r-devel-linux-x86_64-fedora-clang 1.0-8 98.18 NOTE
r-devel-linux-x86_64-fedora-gcc 1.0-8 98.60 NOTE
r-devel-windows-ix86+x86_64 1.0-8 12.00 131.00 143.00 OK
r-patched-linux-x86_64 1.0-8 5.92 82.17 88.09 NOTE
r-patched-solaris-x86 1.0-8 154.40 OK
r-release-linux-x86_64 1.0-8 5.40 83.47 88.87 NOTE
r-release-windows-ix86+x86_64 1.0-8 22.00 143.00 165.00 OK
r-release-osx-x86_64 1.0-8 OK
r-oldrel-windows-ix86+x86_64 1.0-8 13.00 100.00 113.00 OK
r-oldrel-osx-x86_64 1.0-8 OK

Check Details

Version: 1.0-8
Check: compiled code
Result: NOTE
    File ‘ptest/libs/ptest.so’:
     Found no calls to: ‘R_registerRoutines’, ‘R_useDynamicSymbols’
    
    It is good practice to register native routines and to disable symbol
    search.
    
    See ‘Writing portable packages’ in the ‘Writing R Extensions’ manual.
Flavors: r-devel-linux-x86_64-debian-clang, r-devel-linux-x86_64-debian-gcc, r-devel-linux-x86_64-fedora-clang, r-devel-linux-x86_64-fedora-gcc, r-patched-linux-x86_64, r-release-linux-x86_64