CRAN Package Check Results for Package qiimer

Last updated on 2018-02-24 09:51:43 CET.

Flavor Version Tinstall Tcheck Ttotal Status Flags
r-devel-linux-x86_64-debian-clang 0.9.4 1.90 28.00 29.90 NOTE
r-devel-linux-x86_64-debian-gcc 0.9.4 1.24 22.07 23.31 NOTE
r-devel-linux-x86_64-fedora-clang 0.9.4 34.75 NOTE
r-devel-linux-x86_64-fedora-gcc 0.9.4 33.55 NOTE
r-devel-windows-ix86+x86_64 0.9.4 4.00 42.00 46.00 NOTE
r-patched-linux-x86_64 0.9.4 1.66 28.27 29.93 NOTE
r-patched-solaris-x86 0.9.4 48.60 NOTE
r-release-linux-x86_64 0.9.4 1.52 27.77 29.29 NOTE
r-release-windows-ix86+x86_64 0.9.4 7.00 54.00 61.00 OK
r-release-osx-x86_64 0.9.4 NOTE
r-oldrel-windows-ix86+x86_64 0.9.4 4.00 37.00 41.00 OK
r-oldrel-osx-x86_64 0.9.4 OK

Check Details

Version: 0.9.4
Check: package dependencies
Result: NOTE
    Package suggested but not available for checking: ‘biom’
Flavors: r-devel-linux-x86_64-debian-clang, r-devel-linux-x86_64-debian-gcc, r-devel-linux-x86_64-fedora-clang, r-devel-linux-x86_64-fedora-gcc, r-devel-windows-ix86+x86_64, r-patched-linux-x86_64, r-patched-solaris-x86, r-release-linux-x86_64, r-release-osx-x86_64