Last updated on 2018-02-24 09:51:43 CET.
Flavor | Version | Tinstall | Tcheck | Ttotal | Status | Flags |
---|---|---|---|---|---|---|
r-devel-linux-x86_64-debian-clang | 0.4-12 | 13.54 | 66.87 | 80.41 | NOTE | |
r-devel-linux-x86_64-debian-gcc | 0.4-12 | 10.39 | 51.85 | 62.24 | NOTE | |
r-devel-linux-x86_64-fedora-clang | 0.4-12 | 97.94 | OK | |||
r-devel-linux-x86_64-fedora-gcc | 0.4-12 | 94.26 | OK | |||
r-devel-windows-ix86+x86_64 | 0.4-12 | 25.00 | 94.00 | 119.00 | OK | |
r-patched-linux-x86_64 | 0.4-12 | 3.13 | 73.22 | 76.35 | NOTE | |
r-patched-solaris-x86 | 0.4-12 | 96.90 | OK | |||
r-release-linux-x86_64 | 0.4-12 | 3.00 | 73.22 | 76.22 | NOTE | |
r-release-windows-ix86+x86_64 | 0.4-12 | 11.00 | 95.00 | 106.00 | OK | |
r-release-osx-x86_64 | 0.4-12 | OK | ||||
r-oldrel-windows-ix86+x86_64 | 0.4-12 | 6.00 | 72.00 | 78.00 | OK | |
r-oldrel-osx-x86_64 | 0.4-12 | OK |
Version: 0.4-12
Check: R code for possible problems
Result: NOTE
Found the following calls to attach():
File ‘quantmod/R/attachSymbols.R’:
attach(NULL, pos = pos, name = DB$name)
attach(NULL, pos = pos, name = DB$name)
See section ‘Good practice’ in ‘?attach’.
Flavors: r-devel-linux-x86_64-debian-clang, r-devel-linux-x86_64-debian-gcc, r-patched-linux-x86_64, r-release-linux-x86_64