Last updated on 2018-02-24 09:51:43 CET.
Flavor | Version | Tinstall | Tcheck | Ttotal | Status | Flags |
---|---|---|---|---|---|---|
r-devel-linux-x86_64-debian-clang | 1.5.0 | 2.96 | 60.99 | 63.95 | OK | |
r-devel-linux-x86_64-debian-gcc | 1.5.0 | 1.91 | 47.12 | 49.03 | OK | |
r-devel-linux-x86_64-fedora-clang | 1.5.0 | 76.12 | NOTE | |||
r-devel-linux-x86_64-fedora-gcc | 1.5.0 | 74.44 | NOTE | |||
r-devel-windows-ix86+x86_64 | 1.5.0 | 8.00 | 101.00 | 109.00 | OK | |
r-patched-linux-x86_64 | 1.5.0 | 1.78 | 72.51 | 74.29 | OK | |
r-patched-solaris-x86 | 1.5.0 | 117.20 | NOTE | |||
r-release-linux-x86_64 | 1.5.0 | 2.33 | 71.52 | 73.85 | OK | |
r-release-windows-ix86+x86_64 | 1.5.0 | 9.00 | 114.00 | 123.00 | OK | |
r-release-osx-x86_64 | 1.5.0 | NOTE | ||||
r-oldrel-windows-ix86+x86_64 | 1.5.0 | 7.00 | 67.00 | 74.00 | OK | |
r-oldrel-osx-x86_64 | 1.5.0 | NOTE |
Version: 1.5.0
Check: dependencies in R code
Result: NOTE
Namespace in Imports field not imported from: ‘psych’
All declared Imports should be used.
Flavors: r-devel-linux-x86_64-fedora-clang, r-devel-linux-x86_64-fedora-gcc, r-patched-solaris-x86, r-release-osx-x86_64, r-oldrel-osx-x86_64