Last updated on 2018-02-24 09:51:45 CET.
Flavor | Version | Tinstall | Tcheck | Ttotal | Status | Flags |
---|---|---|---|---|---|---|
r-devel-linux-x86_64-debian-clang | 3.0 | 1.98 | 26.07 | 28.05 | NOTE | |
r-devel-linux-x86_64-debian-gcc | 3.0 | 1.62 | 20.98 | 22.60 | NOTE | |
r-devel-linux-x86_64-fedora-clang | 3.0 | 33.65 | NOTE | |||
r-devel-linux-x86_64-fedora-gcc | 3.0 | 30.52 | NOTE | |||
r-devel-windows-ix86+x86_64 | 3.0 | 7.00 | 56.00 | 63.00 | OK | |
r-patched-linux-x86_64 | 3.0 | 1.87 | 26.06 | 27.93 | OK | |
r-patched-solaris-x86 | 3.0 | 47.10 | OK | |||
r-release-linux-x86_64 | 3.0 | 1.62 | 26.26 | 27.88 | OK | |
r-release-windows-ix86+x86_64 | 3.0 | 9.00 | 54.00 | 63.00 | OK | |
r-release-osx-x86_64 | 3.0 | OK | ||||
r-oldrel-windows-ix86+x86_64 | 3.0 | 4.00 | 48.00 | 52.00 | OK | |
r-oldrel-osx-x86_64 | 3.0 | ERROR |
Version: 3.0
Check: DESCRIPTION meta-information
Result: NOTE
Dependence on R version ‘3.3.3’ not with patchlevel 0
Flavors: r-devel-linux-x86_64-debian-clang, r-devel-linux-x86_64-debian-gcc, r-devel-linux-x86_64-fedora-clang, r-devel-linux-x86_64-fedora-gcc
Version: 3.0
Check: whether package can be installed
Result: ERROR
Installation failed.
Flavor: r-oldrel-osx-x86_64