Last updated on 2018-02-24 09:51:45 CET.
Flavor | Version | Tinstall | Tcheck | Ttotal | Status | Flags |
---|---|---|---|---|---|---|
r-devel-linux-x86_64-debian-clang | 1.5 | 26.41 | 38.04 | 64.45 | OK | |
r-devel-linux-x86_64-debian-gcc | 1.5 | 21.20 | 30.71 | 51.91 | OK | |
r-devel-linux-x86_64-fedora-clang | 1.5 | 89.62 | OK | |||
r-devel-linux-x86_64-fedora-gcc | 1.5 | 81.71 | OK | |||
r-devel-windows-ix86+x86_64 | 1.5 | 77.00 | 185.00 | 262.00 | OK | |
r-patched-linux-x86_64 | 1.5 | 24.51 | 44.00 | 68.51 | OK | |
r-patched-solaris-x86 | 1.5 | 184.40 | WARN | |||
r-release-linux-x86_64 | 1.5 | 25.10 | 43.22 | 68.32 | OK | |
r-release-windows-ix86+x86_64 | 1.5 | 64.00 | 172.00 | 236.00 | OK | |
r-release-osx-x86_64 | 1.5 | OK | ||||
r-oldrel-windows-ix86+x86_64 | 1.5 | 59.00 | 128.00 | 187.00 | OK | |
r-oldrel-osx-x86_64 | 1.4 | OK |
Version: 1.5
Check: re-building of vignette outputs
Result: WARN
Error in re-building vignettes:
...
Warning in engine$weave(file, quiet = quiet, encoding = enc) :
Pandoc (>= 1.12.3) and/or pandoc-citeproc not available. Falling back to R Markdown v1.
Warning in engine$weave(file, quiet = quiet, encoding = enc) :
Pandoc (>= 1.12.3) and/or pandoc-citeproc not available. Falling back to R Markdown v1.
Quitting from lines 75-77 (introduction.Rmd)
Error: processing vignette 'introduction.Rmd' failed with diagnostics:
Python shared library '' not found, Python bindings not loaded.
Execution halted
Flavor: r-patched-solaris-x86