Last updated on 2018-02-24 09:51:46 CET.
Flavor | Version | Tinstall | Tcheck | Ttotal | Status | Flags |
---|---|---|---|---|---|---|
r-devel-linux-x86_64-debian-clang | 0.1.0 | 0.95 | 19.27 | 20.22 | OK | |
r-devel-linux-x86_64-debian-gcc | 0.1.0 | 0.63 | 15.44 | 16.07 | OK | |
r-devel-linux-x86_64-fedora-clang | 0.1.0 | 23.93 | NOTE | |||
r-devel-linux-x86_64-fedora-gcc | 0.1.0 | 22.67 | NOTE | |||
r-devel-windows-ix86+x86_64 | 0.1.0 | 4.00 | 48.00 | 52.00 | OK | |
r-patched-linux-x86_64 | 0.1.0 | 0.77 | 20.13 | 20.90 | OK | |
r-patched-solaris-x86 | 0.1.0 | 34.80 | NOTE | |||
r-release-linux-x86_64 | 0.1.0 | 0.90 | 19.98 | 20.88 | OK | |
r-release-windows-ix86+x86_64 | 0.1.0 | 5.00 | 44.00 | 49.00 | OK | |
r-release-osx-x86_64 | 0.1.0 | NOTE | ||||
r-oldrel-osx-x86_64 | 0.1.0 | ERROR |
Version: 0.1.0
Check: dependencies in R code
Result: NOTE
Namespace in Imports field not imported from: ‘dplyr’
All declared Imports should be used.
Flavors: r-devel-linux-x86_64-fedora-clang, r-devel-linux-x86_64-fedora-gcc, r-patched-solaris-x86, r-release-osx-x86_64
Version: 0.1.0
Check: whether package can be installed
Result: ERROR
Installation failed.
Flavor: r-oldrel-osx-x86_64