Last updated on 2018-02-24 09:51:46 CET.
Flavor | Version | Tinstall | Tcheck | Ttotal | Status | Flags |
---|---|---|---|---|---|---|
r-devel-linux-x86_64-debian-clang | 0.2.0 | 5.95 | 48.62 | 54.57 | OK | |
r-devel-linux-x86_64-debian-gcc | 0.2.0 | 5.98 | 38.16 | 44.14 | OK | |
r-devel-linux-x86_64-fedora-clang | 0.2.0 | 69.18 | OK | |||
r-devel-linux-x86_64-fedora-gcc | 0.2.0 | 67.09 | OK | |||
r-devel-windows-ix86+x86_64 | 0.2.0 | 40.00 | 101.00 | 141.00 | OK | |
r-patched-linux-x86_64 | 0.2.0 | 6.33 | 48.17 | 54.50 | OK | |
r-patched-solaris-x86 | 0.2.0 | 78.90 | WARN | |||
r-release-linux-x86_64 | 0.2.0 | 6.24 | 48.17 | 54.41 | OK | |
r-release-windows-ix86+x86_64 | 0.2.0 | 19.00 | 69.00 | 88.00 | OK | |
r-release-osx-x86_64 | 0.2.0 | OK | ||||
r-oldrel-windows-ix86+x86_64 | 0.2.0 | 21.00 | 71.00 | 92.00 | OK | |
r-oldrel-osx-x86_64 | 0.1.6 | OK |
Version: 0.2.0
Check: whether package can be installed
Result: WARN
Found the following significant warnings:
"lib/vec.c", line 29: warning: improper pointer/integer combination: op "="
Flavor: r-patched-solaris-x86