Last updated on 2018-02-24 09:51:46 CET.
Flavor | Version | Tinstall | Tcheck | Ttotal | Status | Flags |
---|---|---|---|---|---|---|
r-devel-linux-x86_64-debian-clang | 0.3.3 | 3.09 | 83.17 | 86.26 | OK | |
r-devel-linux-x86_64-debian-gcc | 0.3.3 | 3.39 | 67.38 | 70.77 | OK | |
r-devel-linux-x86_64-fedora-clang | 0.3.3 | 102.70 | NOTE | |||
r-devel-linux-x86_64-fedora-gcc | 0.3.3 | 101.28 | NOTE | |||
r-devel-windows-ix86+x86_64 | 0.3.3 | 9.00 | 130.00 | 139.00 | OK | |
r-patched-linux-x86_64 | 0.3.3 | 2.49 | 83.55 | 86.04 | OK | |
r-patched-solaris-x86 | 0.3.3 | 124.40 | NOTE | |||
r-release-linux-x86_64 | 0.3.3 | 2.71 | 80.30 | 83.01 | OK | |
r-release-windows-ix86+x86_64 | 0.3.3 | 9.00 | 120.00 | 129.00 | OK | |
r-release-osx-x86_64 | 0.3.3 | NOTE | ||||
r-oldrel-windows-ix86+x86_64 | 0.3.3 | 6.00 | 85.00 | 91.00 | OK | |
r-oldrel-osx-x86_64 | 0.3.3 | NOTE |
Version: 0.3.3
Check: data for non-ASCII characters
Result: NOTE
Note: found 31 marked UTF-8 strings
Flavors: r-devel-linux-x86_64-fedora-clang, r-devel-linux-x86_64-fedora-gcc, r-patched-solaris-x86, r-release-osx-x86_64, r-oldrel-osx-x86_64