Last updated on 2018-02-24 09:51:46 CET.
Flavor | Version | Tinstall | Tcheck | Ttotal | Status | Flags |
---|---|---|---|---|---|---|
r-devel-linux-x86_64-debian-clang | 0.0.0.2 | 3.28 | 42.07 | 45.35 | NOTE | |
r-devel-linux-x86_64-debian-gcc | 0.0.0.2 | 2.56 | 33.31 | 35.87 | NOTE | |
r-devel-linux-x86_64-fedora-clang | 0.0.0.2 | 54.83 | NOTE | |||
r-devel-linux-x86_64-fedora-gcc | 0.0.0.2 | 53.25 | NOTE | |||
r-devel-windows-ix86+x86_64 | 0.0.0.2 | 12.00 | 77.00 | 89.00 | OK | |
r-patched-linux-x86_64 | 0.0.0.2 | 3.28 | 45.58 | 48.86 | NOTE | |
r-patched-solaris-x86 | 0.0.0.2 | 79.80 | NOTE | |||
r-release-linux-x86_64 | 0.0.0.2 | 3.16 | 44.95 | 48.11 | NOTE | |
r-release-windows-ix86+x86_64 | 0.0.0.2 | 13.00 | 79.00 | 92.00 | OK | |
r-release-osx-x86_64 | 0.0.0.2 | NOTE | ||||
r-oldrel-windows-ix86+x86_64 | 0.0.0.2 | 9.00 | 58.00 | 67.00 | OK | |
r-oldrel-osx-x86_64 | 0.0.0.2 | NOTE |
Version: 0.0.0.2
Check: dependencies in R code
Result: NOTE
Missing or unexported object: ‘base::shell.exec’
Flavors: r-devel-linux-x86_64-debian-clang, r-devel-linux-x86_64-debian-gcc, r-devel-linux-x86_64-fedora-clang, r-devel-linux-x86_64-fedora-gcc, r-patched-linux-x86_64, r-patched-solaris-x86, r-release-linux-x86_64, r-release-osx-x86_64, r-oldrel-osx-x86_64