Last updated on 2018-02-24 09:51:47 CET.
Flavor | Version | Tinstall | Tcheck | Ttotal | Status | Flags |
---|---|---|---|---|---|---|
r-devel-linux-x86_64-debian-clang | 0.2.3 | 13.88 | 221.75 | 235.63 | OK | |
r-devel-linux-x86_64-debian-gcc | 0.2.3 | 12.66 | 174.74 | 187.40 | OK | |
r-devel-linux-x86_64-fedora-clang | 0.2.3 | 280.74 | NOTE | |||
r-devel-linux-x86_64-fedora-gcc | 0.2.3 | 277.94 | NOTE | |||
r-devel-windows-ix86+x86_64 | 0.2.3 | 38.00 | 256.00 | 294.00 | OK | |
r-patched-linux-x86_64 | 0.2.3 | 10.53 | 231.03 | 241.56 | OK | |
r-patched-solaris-x86 | 0.2.3 | 443.80 | NOTE | |||
r-release-linux-x86_64 | 0.2.3 | 11.44 | 226.86 | 238.30 | OK | |
r-release-windows-ix86+x86_64 | 0.2.3 | 33.00 | 280.00 | 313.00 | OK | |
r-release-osx-x86_64 | 0.2.3 | NOTE | ||||
r-oldrel-windows-ix86+x86_64 | 0.2.3 | 22.00 | 214.00 | 236.00 | OK | |
r-oldrel-osx-x86_64 | 0.2.1 | OK |
Version: 0.2.3
Check: dependencies in R code
Result: NOTE
Namespace in Imports field not imported from: ‘gdalUtils’
All declared Imports should be used.
Flavors: r-devel-linux-x86_64-fedora-clang, r-devel-linux-x86_64-fedora-gcc, r-patched-solaris-x86, r-release-osx-x86_64