Last updated on 2018-02-24 09:51:47 CET.
Flavor | Version | Tinstall | Tcheck | Ttotal | Status | Flags |
---|---|---|---|---|---|---|
r-devel-linux-x86_64-debian-clang | 0.0.2 | 8.02 | 137.09 | 145.11 | NOTE | |
r-devel-linux-x86_64-debian-gcc | 0.0.2 | 7.58 | 109.13 | 116.71 | NOTE | |
r-devel-linux-x86_64-fedora-clang | 0.0.2 | 180.00 | NOTE | |||
r-devel-linux-x86_64-fedora-gcc | 0.0.2 | 173.70 | NOTE | |||
r-devel-windows-ix86+x86_64 | 0.0.2 | 20.00 | 189.00 | 209.00 | OK | |
r-patched-linux-x86_64 | 0.0.2 | 7.68 | 157.06 | 164.74 | OK | |
r-patched-solaris-x86 | 0.0.2 | 285.10 | OK | |||
r-release-linux-x86_64 | 0.0.2 | 7.33 | 149.23 | 156.56 | OK | |
r-release-windows-ix86+x86_64 | 0.0.2 | 22.00 | 217.00 | 239.00 | OK | |
r-release-osx-x86_64 | 0.0.2 | OK | ||||
r-oldrel-windows-ix86+x86_64 | 0.0.2 | 17.00 | 150.00 | 167.00 | OK | |
r-oldrel-osx-x86_64 | 0.0.2 | ERROR |
Version: 0.0.2
Check: DESCRIPTION meta-information
Result: NOTE
Dependence on R version ‘3.3.3’ not with patchlevel 0
Flavors: r-devel-linux-x86_64-debian-clang, r-devel-linux-x86_64-debian-gcc, r-devel-linux-x86_64-fedora-clang, r-devel-linux-x86_64-fedora-gcc
Version: 0.0.2
Check: whether package can be installed
Result: ERROR
Installation failed.
Flavor: r-oldrel-osx-x86_64