Last updated on 2018-02-24 09:51:47 CET.
Flavor | Version | Tinstall | Tcheck | Ttotal | Status | Flags |
---|---|---|---|---|---|---|
r-devel-linux-x86_64-debian-clang | 0.8.5 | 4.22 | 32.58 | 36.80 | NOTE | |
r-devel-linux-x86_64-debian-gcc | 0.8.5 | 4.77 | 25.45 | 30.22 | NOTE | |
r-devel-linux-x86_64-fedora-clang | 0.8.5 | 45.29 | NOTE | |||
r-devel-linux-x86_64-fedora-gcc | 0.8.5 | 43.24 | NOTE | |||
r-devel-windows-ix86+x86_64 | 0.8.5 | 10.00 | 57.00 | 67.00 | OK | |
r-patched-linux-x86_64 | 0.8.5 | 1.51 | 33.74 | 35.25 | NOTE | |
r-patched-solaris-x86 | 0.8.5 | 48.90 | NOTE | |||
r-release-linux-x86_64 | 0.8.5 | 1.53 | 33.51 | 35.04 | NOTE | |
r-release-windows-ix86+x86_64 | 0.8.5 | 4.00 | 58.00 | 62.00 | OK | |
r-release-osx-x86_64 | 0.8.5 | OK | ||||
r-oldrel-windows-ix86+x86_64 | 0.8.5 | 3.00 | 43.00 | 46.00 | OK | |
r-oldrel-osx-x86_64 | 0.8.5 | OK |
Version: 0.8.5
Check: package dependencies
Result: NOTE
Package suggested but not available for checking: ‘scrypt’
Flavors: r-devel-linux-x86_64-debian-clang, r-devel-linux-x86_64-debian-gcc, r-patched-linux-x86_64, r-patched-solaris-x86, r-release-linux-x86_64
Version: 0.8.5
Check: package dependencies
Result: NOTE
Package suggested but not available for checking: ‘scrypt’
Package which this enhances but not available for checking: ‘BiocInstaller’
Flavors: r-devel-linux-x86_64-fedora-clang, r-devel-linux-x86_64-fedora-gcc