Last updated on 2018-02-24 09:51:47 CET.
Flavor | Version | Tinstall | Tcheck | Ttotal | Status | Flags |
---|---|---|---|---|---|---|
r-devel-linux-x86_64-debian-clang | 0.1.0 | 55.84 | 221.69 | 277.53 | OK | |
r-devel-linux-x86_64-debian-gcc | 0.1.0 | 45.24 | 159.99 | 205.23 | OK | |
r-devel-linux-x86_64-fedora-clang | 0.1.0 | 343.97 | NOTE | |||
r-devel-linux-x86_64-fedora-gcc | 0.1.0 | 369.67 | NOTE | |||
r-devel-windows-ix86+x86_64 | 0.1.0 | 145.00 | 331.00 | 476.00 | OK | |
r-patched-linux-x86_64 | 0.1.0 | 52.83 | 263.85 | 316.68 | OK | |
r-patched-solaris-x86 | 0.1.0 | 447.60 | NOTE | |||
r-release-linux-x86_64 | 0.1.0 | 57.86 | 260.79 | 318.65 | OK | |
r-release-windows-ix86+x86_64 | 0.1.0 | 155.00 | 344.00 | 499.00 | OK | |
r-release-osx-x86_64 | 0.1.0 | NOTE | ||||
r-oldrel-windows-ix86+x86_64 | 0.1.0 | 119.00 | 304.00 | 423.00 | OK |
Version: 0.1.0
Check: dependencies in R code
Result: NOTE
Namespace in Imports field not imported from: ‘ggplot2’
All declared Imports should be used.
Flavors: r-devel-linux-x86_64-fedora-clang, r-devel-linux-x86_64-fedora-gcc, r-patched-solaris-x86, r-release-osx-x86_64
Version: 0.1.0
Check: installed package size
Result: NOTE
installed size is 5.1Mb
sub-directories of 1Mb or more:
libs 3.6Mb
Flavor: r-devel-linux-x86_64-fedora-gcc