CRAN Package Check Results for Package sBF

Last updated on 2018-02-24 09:51:48 CET.

Flavor Version Tinstall Tcheck Ttotal Status Flags
r-devel-linux-x86_64-debian-clang 1.1.1 0.76 18.33 19.09 NOTE
r-devel-linux-x86_64-debian-gcc 1.1.1 0.74 14.50 15.24 NOTE
r-devel-linux-x86_64-fedora-clang 1.1.1 23.65 NOTE
r-devel-linux-x86_64-fedora-gcc 1.1.1 21.88 NOTE
r-devel-windows-ix86+x86_64 1.1.1 3.00 25.00 28.00 NOTE
r-patched-linux-x86_64 1.1.1 0.66 17.34 18.00 NOTE
r-patched-solaris-x86 1.1.1 29.50 NOTE
r-release-linux-x86_64 1.1.1 0.62 17.44 18.06 NOTE
r-release-windows-ix86+x86_64 1.1.1 2.00 28.00 30.00 NOTE
r-release-osx-x86_64 1.1.1 NOTE
r-oldrel-windows-ix86+x86_64 1.1.1 2.00 26.00 28.00 NOTE
r-oldrel-osx-x86_64 1.1.1 NOTE

Check Details

Version: 1.1.1
Check: DESCRIPTION meta-information
Result: NOTE
    Malformed Description field: should contain one or more complete sentences.
Flavors: r-devel-linux-x86_64-debian-clang, r-devel-linux-x86_64-debian-gcc, r-devel-linux-x86_64-fedora-clang, r-devel-linux-x86_64-fedora-gcc, r-devel-windows-ix86+x86_64, r-patched-linux-x86_64, r-patched-solaris-x86, r-release-linux-x86_64, r-release-windows-ix86+x86_64, r-release-osx-x86_64, r-oldrel-windows-ix86+x86_64, r-oldrel-osx-x86_64

Version: 1.1.1
Check: R code for possible problems
Result: NOTE
    K: no visible global function definition for ‘dnorm’
    sBF: no visible global function definition for ‘density’
    sBF: no visible global function definition for ‘txtProgressBar’
    sBF: no visible global function definition for ‘setTxtProgressBar’
    Undefined global functions or variables:
     density dnorm setTxtProgressBar txtProgressBar
    Consider adding
     importFrom("stats", "density", "dnorm")
     importFrom("utils", "setTxtProgressBar", "txtProgressBar")
    to your NAMESPACE file.
Flavors: r-devel-linux-x86_64-debian-clang, r-devel-linux-x86_64-debian-gcc, r-devel-linux-x86_64-fedora-clang, r-devel-linux-x86_64-fedora-gcc, r-devel-windows-ix86+x86_64, r-patched-linux-x86_64, r-patched-solaris-x86, r-release-linux-x86_64, r-release-windows-ix86+x86_64, r-release-osx-x86_64, r-oldrel-windows-ix86+x86_64, r-oldrel-osx-x86_64