Last updated on 2018-02-24 09:51:48 CET.
Flavor | Version | Tinstall | Tcheck | Ttotal | Status | Flags |
---|---|---|---|---|---|---|
r-devel-linux-x86_64-debian-clang | 0.2.3 | 2.21 | 80.56 | 82.77 | OK | |
r-devel-linux-x86_64-debian-gcc | 0.2.3 | 1.66 | 62.95 | 64.61 | OK | |
r-devel-linux-x86_64-fedora-clang | 0.2.3 | 96.13 | OK | |||
r-devel-linux-x86_64-fedora-gcc | 0.2.3 | 94.40 | OK | |||
r-devel-windows-ix86+x86_64 | 0.2.3 | 6.00 | 130.00 | 136.00 | OK | |
r-patched-linux-x86_64 | 0.2.3 | 1.13 | 89.19 | 90.32 | OK | |
r-patched-solaris-x86 | 0.2.3 | 143.40 | OK | |||
r-release-linux-x86_64 | 0.2.3 | 1.39 | 87.55 | 88.94 | OK | |
r-release-windows-ix86+x86_64 | 0.2.3 | 3.00 | 124.00 | 127.00 | OK | |
r-release-osx-x86_64 | 0.2.3 | WARN | ||||
r-oldrel-windows-ix86+x86_64 | 0.2.3 | 3.00 | 98.00 | 101.00 | OK | |
r-oldrel-osx-x86_64 | 0.2.3 | OK |
Version: 0.2.3
Check: re-building of vignette outputs
Result: WARN
Error in re-building vignettes:
...
`stat_bin()` using `bins = 30`. Pick better value with
`binwidth`.
large z may result in inaccurate quantiles
`stat_bin()` using `bins = 30`. Pick better value with
`binwidth`.
large z may result in inaccurate quantiles
`stat_bin()` using `bins = 30`. Pick better value with
`binwidth`.
large z may result in inaccurate quantiles
Error in texi2dvi(file = file, pdf = TRUE, clean = clean, quiet = quiet, :
Running 'texi2dvi' on 'sadists.tex' failed.
LaTeX errors:
! LaTeX Error: File `paralist.sty' not found.
Type X to quit or <RETURN> to proceed,
or enter new name. (Default extension: sty)
! Emergency stop.
<read *>
l.91 ^^M
! ==> Fatal error occurred, no output PDF file produced!
Calls: buildVignettes -> texi2pdf -> texi2dvi
Execution halted
Flavor: r-release-osx-x86_64