CRAN Package Check Results for Package sampling

Last updated on 2018-02-24 09:51:48 CET.

Flavor Version Tinstall Tcheck Ttotal Status Flags
r-devel-linux-x86_64-debian-clang 2.8 5.48 83.05 88.53 NOTE
r-devel-linux-x86_64-debian-gcc 2.8 5.82 64.15 69.97 NOTE
r-devel-linux-x86_64-fedora-clang 2.8 106.12 NOTE
r-devel-linux-x86_64-fedora-gcc 2.8 106.63 NOTE
r-devel-windows-ix86+x86_64 2.8 14.00 151.00 165.00 OK
r-patched-linux-x86_64 2.8 1.74 96.13 97.87 NOTE
r-patched-solaris-x86 2.8 146.50 OK
r-release-linux-x86_64 2.8 2.08 95.25 97.33 NOTE
r-release-windows-ix86+x86_64 2.8 6.00 153.00 159.00 OK
r-release-osx-x86_64 2.8 OK
r-oldrel-windows-ix86+x86_64 2.8 5.00 166.00 171.00 OK
r-oldrel-osx-x86_64 2.8 OK

Check Details

Version: 2.8
Check: compiled code
Result: NOTE
    File ‘sampling/libs/sampling.so’:
     Found no calls to: ‘R_registerRoutines’, ‘R_useDynamicSymbols’
    
    It is good practice to register native routines and to disable symbol
    search.
    
    See ‘Writing portable packages’ in the ‘Writing R Extensions’ manual.
Flavors: r-devel-linux-x86_64-debian-clang, r-devel-linux-x86_64-debian-gcc, r-devel-linux-x86_64-fedora-clang, r-devel-linux-x86_64-fedora-gcc, r-patched-linux-x86_64, r-release-linux-x86_64