CRAN Package Check Results for Package santaR

Last updated on 2018-02-24 09:51:48 CET.

Flavor Version Tinstall Tcheck Ttotal Status Flags
r-devel-linux-x86_64-debian-clang 1.0 2.52 161.91 164.43 OK
r-devel-linux-x86_64-debian-gcc 1.0 3.11 117.70 120.81 OK
r-devel-windows-ix86+x86_64 1.0 11.00 180.00 191.00 OK
r-patched-linux-x86_64 1.0 1.60 174.98 176.58 OK
r-patched-solaris-x86 1.0 213.70 NOTE
r-release-linux-x86_64 1.0 1.61 178.04 179.65 OK
r-release-windows-ix86+x86_64 1.0 9.00 216.00 225.00 OK
r-release-osx-x86_64 1.0 ERROR

Check Details

Version: 1.0
Check: dependencies in R code
Result: NOTE
    Namespace in Imports field not imported from: ‘gridExtra’
     All declared Imports should be used.
Flavor: r-patched-solaris-x86

Version: 1.0
Check: package dependencies
Result: ERROR
    Package required but not available: ‘pcaMethods’
    
    See section ‘The DESCRIPTION file’ in the ‘Writing R Extensions’
    manual.
Flavor: r-release-osx-x86_64