Last updated on 2018-02-24 09:51:48 CET.
Flavor | Version | Tinstall | Tcheck | Ttotal | Status | Flags |
---|---|---|---|---|---|---|
r-devel-linux-x86_64-debian-clang | 1.6.1 | 2.89 | 46.12 | 49.01 | OK | |
r-devel-linux-x86_64-debian-gcc | 1.6.1 | 3.49 | 36.88 | 40.37 | OK | |
r-devel-linux-x86_64-fedora-clang | 1.6.1 | 60.43 | OK | |||
r-devel-linux-x86_64-fedora-gcc | 1.6.1 | 58.28 | OK | |||
r-devel-windows-ix86+x86_64 | 1.6.1 | 13.00 | 155.00 | 168.00 | OK | |
r-patched-linux-x86_64 | 1.6.1 | 1.64 | 49.03 | 50.67 | OK | |
r-patched-solaris-x86 | 1.6.1 | 49.60 | OK | |||
r-release-linux-x86_64 | 1.6.1 | 1.57 | 48.27 | 49.84 | OK | |
r-release-windows-ix86+x86_64 | 1.6.1 | 5.00 | 98.00 | 103.00 | OK | |
r-release-osx-x86_64 | 1.6.1 | WARN | ||||
r-oldrel-windows-ix86+x86_64 | 1.6.1 | 4.00 | 97.00 | 101.00 | OK | |
r-oldrel-osx-x86_64 | 1.6.1 | OK |
Version: 1.6.1
Check: re-building of vignette outputs
Result: WARN
Error in re-building vignettes:
...
Error in texi2dvi(file = file, pdf = TRUE, clean = clean, quiet = quiet, :
Running 'texi2dvi' on 'seas.tex' failed.
LaTeX errors:
! LaTeX Error: File `fullpage.sty' not found.
Type X to quit or <RETURN> to proceed,
or enter new name. (Default extension: sty)
! Emergency stop.
<read *>
l.10 \usepackage
[colorlinks = true]{hyperref}^^M
! ==> Fatal error occurred, no output PDF file produced!
Calls: buildVignettes -> texi2pdf -> texi2dvi
Execution halted
Flavor: r-release-osx-x86_64