CRAN Package Check Results for Package semver

Last updated on 2018-02-24 09:51:48 CET.

Flavor Version Tinstall Tcheck Ttotal Status Flags
r-devel-linux-x86_64-debian-clang 0.2.0 20.84 25.72 46.56 NOTE
r-devel-linux-x86_64-debian-gcc 0.2.0 16.90 20.69 37.59 NOTE
r-devel-linux-x86_64-fedora-clang 0.2.0 66.43 NOTE
r-devel-linux-x86_64-fedora-gcc 0.2.0 57.72 NOTE
r-devel-windows-ix86+x86_64 0.2.0 60.00 73.00 133.00 OK
r-patched-linux-x86_64 0.2.0 20.21 27.84 48.05 NOTE
r-patched-solaris-x86 0.2.0 71.40 OK
r-release-linux-x86_64 0.2.0 19.80 26.82 46.62 NOTE
r-release-windows-ix86+x86_64 0.2.0 47.00 124.00 171.00 OK
r-release-osx-x86_64 0.2.0 OK
r-oldrel-windows-ix86+x86_64 0.2.0 46.00 50.00 96.00 OK
r-oldrel-osx-x86_64 0.2.0 OK

Check Details

Version: 0.2.0
Check: compiled code
Result: NOTE
    File ‘semver/libs/semver.so’:
     Found no calls to: ‘R_registerRoutines’, ‘R_useDynamicSymbols’
    
    It is good practice to register native routines and to disable symbol
    search.
    
    See ‘Writing portable packages’ in the ‘Writing R Extensions’ manual.
Flavors: r-devel-linux-x86_64-debian-clang, r-devel-linux-x86_64-debian-gcc, r-devel-linux-x86_64-fedora-clang, r-devel-linux-x86_64-fedora-gcc, r-patched-linux-x86_64, r-release-linux-x86_64