Last updated on 2018-02-24 09:51:48 CET.
Flavor | Version | Tinstall | Tcheck | Ttotal | Status | Flags |
---|---|---|---|---|---|---|
r-devel-linux-x86_64-debian-clang | 0.5.4 | 3.91 | 47.23 | 51.14 | OK | |
r-devel-linux-x86_64-debian-gcc | 0.5.4 | 2.44 | 37.15 | 39.59 | OK | |
r-devel-linux-x86_64-fedora-clang | 0.5.4 | 60.28 | OK | |||
r-devel-linux-x86_64-fedora-gcc | 0.5.4 | 57.46 | OK | |||
r-devel-windows-ix86+x86_64 | 0.5.3 | 9.00 | 59.00 | 68.00 | WARN | |
r-patched-linux-x86_64 | 0.5.4 | 3.44 | 55.77 | 59.21 | OK | |
r-patched-solaris-x86 | 0.5.4 | 84.10 | OK | |||
r-release-linux-x86_64 | 0.5.3 | 3.18 | 52.92 | 56.10 | WARN | |
r-release-windows-ix86+x86_64 | 0.5.3 | 11.00 | 111.00 | 122.00 | WARN | |
r-release-osx-x86_64 | 0.5.4 | OK | ||||
r-oldrel-windows-ix86+x86_64 | 0.5.3 | 8.00 | 58.00 | 66.00 | OK | |
r-oldrel-osx-x86_64 | 0.5.1 | NOTE |
Version: 0.5.3
Check: re-building of vignette outputs
Result: WARN
Error in re-building vignettes:
...
Quitting from lines 47-50 (rename_se.Rmd)
Error: processing vignette 'rename_se.Rmd' failed with diagnostics:
All arguments must be named
Execution halted
Flavors: r-devel-windows-ix86+x86_64, r-release-linux-x86_64, r-release-windows-ix86+x86_64
Version: 0.5.1
Check: dependencies in R code
Result: NOTE
Namespaces in Imports field not imported from:
‘DBI’ ‘RSQLite’ ‘datasets’ ‘dbplyr’
All declared Imports should be used.
Flavor: r-oldrel-osx-x86_64