Last updated on 2018-02-24 09:51:49 CET.
Flavor | Version | Tinstall | Tcheck | Ttotal | Status | Flags |
---|---|---|---|---|---|---|
r-devel-linux-x86_64-debian-clang | 0.2.2 | 1.67 | 81.33 | 83.00 | OK | |
r-devel-linux-x86_64-debian-gcc | 0.2.2 | 1.90 | 60.58 | 62.48 | OK | |
r-devel-linux-x86_64-fedora-clang | 0.2.2 | 97.68 | NOTE | |||
r-devel-linux-x86_64-fedora-gcc | 0.2.2 | 92.77 | NOTE | |||
r-devel-windows-ix86+x86_64 | 0.2.2 | 6.00 | 118.00 | 124.00 | OK | |
r-patched-linux-x86_64 | 0.2.2 | 1.03 | 113.31 | 114.34 | OK | |
r-patched-solaris-x86 | 0.2.2 | 149.00 | NOTE | |||
r-release-linux-x86_64 | 0.2.2 | 1.10 | 108.29 | 109.39 | OK | |
r-release-windows-ix86+x86_64 | 0.2.2 | 6.00 | 153.00 | 159.00 | OK | |
r-release-osx-x86_64 | 0.2.2 | NOTE | ||||
r-oldrel-windows-ix86+x86_64 | 0.2.2 | 3.00 | 113.00 | 116.00 | OK | |
r-oldrel-osx-x86_64 | 0.2.2 | NOTE |
Version: 0.2.2
Check: dependencies in R code
Result: NOTE
Namespace in Imports field not imported from: ‘dplyr’
All declared Imports should be used.
Flavors: r-devel-linux-x86_64-fedora-clang, r-devel-linux-x86_64-fedora-gcc, r-patched-solaris-x86, r-release-osx-x86_64, r-oldrel-osx-x86_64