Last updated on 2018-02-24 09:51:49 CET.
Flavor | Version | Tinstall | Tcheck | Ttotal | Status | Flags |
---|---|---|---|---|---|---|
r-devel-linux-x86_64-debian-clang | 2.4.1 | 24.95 | 311.84 | 336.79 | OK | |
r-devel-linux-x86_64-debian-gcc | 2.4.1 | 13.84 | 242.40 | 256.24 | OK | |
r-devel-linux-x86_64-fedora-clang | 2.4.1 | 413.42 | OK | |||
r-devel-linux-x86_64-fedora-gcc | 2.4.1 | 411.37 | OK | |||
r-devel-windows-ix86+x86_64 | 2.4.1 | 53.00 | 418.00 | 471.00 | OK | |
r-patched-linux-x86_64 | 2.4.1 | 10.28 | 396.89 | 407.17 | OK | |
r-patched-solaris-x86 | 2.4.1 | 630.70 | OK | |||
r-release-linux-x86_64 | 2.4.1 | 8.25 | 385.23 | 393.48 | OK | |
r-release-windows-ix86+x86_64 | 2.4.1 | 32.00 | 471.00 | 503.00 | OK | |
r-release-osx-x86_64 | 2.4.1 | OK | ||||
r-oldrel-windows-ix86+x86_64 | 2.4.1 | 20.00 | 336.00 | 356.00 | OK | |
r-oldrel-osx-x86_64 | 2.4.0 | NOTE |
Version: 2.4.0
Check: dependencies in R code
Result: NOTE
Namespace in Imports field not imported from: ‘prediction’
All declared Imports should be used.
Flavor: r-oldrel-osx-x86_64