Last updated on 2018-02-24 09:51:49 CET.
Flavor | Version | Tinstall | Tcheck | Ttotal | Status | Flags |
---|---|---|---|---|---|---|
r-devel-linux-x86_64-debian-clang | 0.2.2 | 1.26 | 22.40 | 23.66 | WARN | |
r-devel-linux-x86_64-debian-gcc | 0.2.2 | 1.16 | 18.23 | 19.39 | WARN | |
r-devel-linux-x86_64-fedora-clang | 0.2.2 | 28.62 | WARN | |||
r-devel-linux-x86_64-fedora-gcc | 0.2.2 | 27.00 | WARN | |||
r-devel-windows-ix86+x86_64 | 0.2.2 | 5.00 | 49.00 | 54.00 | WARN | |
r-patched-linux-x86_64 | 0.2.2 | 1.17 | 22.15 | 23.32 | OK | |
r-patched-solaris-x86 | 0.2.2 | 46.80 | OK | |||
r-release-linux-x86_64 | 0.2.2 | 1.05 | 22.09 | 23.14 | OK | |
r-release-windows-ix86+x86_64 | 0.2.2 | 5.00 | 45.00 | 50.00 | OK | |
r-release-osx-x86_64 | 0.2.2 | OK | ||||
r-oldrel-windows-ix86+x86_64 | 0.2.2 | 3.00 | 31.00 | 34.00 | OK | |
r-oldrel-osx-x86_64 | 0.2.2 | OK |
Version: 0.2.2
Check: whether package can be installed
Result: WARN
Found the following significant warnings:
Note: break may be used in wrong context: no loop is visible
Flavors: r-devel-linux-x86_64-debian-clang, r-devel-linux-x86_64-debian-gcc, r-devel-linux-x86_64-fedora-clang, r-devel-linux-x86_64-fedora-gcc, r-devel-windows-ix86+x86_64