Last updated on 2018-02-24 09:51:50 CET.
Flavor | Version | Tinstall | Tcheck | Ttotal | Status | Flags |
---|---|---|---|---|---|---|
r-devel-linux-x86_64-debian-clang | 1.55-0 | 138.56 | 818.34 | 956.90 | OK | --no-tests |
r-devel-linux-x86_64-debian-gcc | 1.55-0 | 138.30 | 611.10 | 749.40 | OK | --no-tests |
r-devel-linux-x86_64-fedora-clang | 1.55-0 | 1384.44 | NOTE | |||
r-devel-linux-x86_64-fedora-gcc | 1.55-0 | 1364.83 | NOTE | |||
r-devel-windows-ix86+x86_64 | 1.55-0 | 370.00 | 384.00 | 754.00 | NOTE | --no-examples --no-tests --no-vignettes |
r-patched-linux-x86_64 | 1.55-0 | 150.74 | 871.01 | 1021.75 | OK | --no-tests |
r-patched-solaris-x86 | 1.55-0 | 1823.30 | NOTE | |||
r-release-linux-x86_64 | 1.55-0 | 144.55 | 848.15 | 992.70 | OK | --no-tests |
r-release-windows-ix86+x86_64 | 1.55-0 | 376.00 | 540.00 | 916.00 | NOTE | --no-examples --no-tests --no-vignettes |
r-release-osx-x86_64 | 1.55-0 | NOTE | ||||
r-oldrel-windows-ix86+x86_64 | 1.55-0 | 262.00 | 563.00 | 825.00 | NOTE | --no-examples --no-tests --no-vignettes |
r-oldrel-osx-x86_64 | 1.54-0 | NOTE |
Version: 1.55-0
Check: installed package size
Result: NOTE
installed size is 17.4Mb
sub-directories of 1Mb or more:
R 4.9Mb
doc 4.7Mb
help 4.9Mb
libs 1.8Mb
Flavors: r-devel-linux-x86_64-fedora-clang, r-devel-linux-x86_64-fedora-gcc, r-patched-solaris-x86, r-release-osx-x86_64
Version: 1.55-0
Flags: --no-examples --no-tests --no-vignettes
Check: installed package size
Result: NOTE
installed size is 16.7Mb
sub-directories of 1Mb or more:
R 4.9Mb
doc 4.7Mb
help 4.9Mb
libs 1.2Mb
Flavors: r-devel-windows-ix86+x86_64, r-release-windows-ix86+x86_64, r-oldrel-windows-ix86+x86_64
Version: 1.54-0
Check: installed package size
Result: NOTE
installed size is 16.1Mb
sub-directories of 1Mb or more:
R 4.0Mb
doc 4.7Mb
help 5.0Mb
libs 1.6Mb
Flavor: r-oldrel-osx-x86_64