Last updated on 2018-02-24 09:51:51 CET.
Flavor | Version | Tinstall | Tcheck | Ttotal | Status | Flags |
---|---|---|---|---|---|---|
r-devel-linux-x86_64-debian-clang | 1.2.1 | 2.23 | 37.04 | 39.27 | NOTE | |
r-devel-linux-x86_64-debian-gcc | 1.2.1 | 2.05 | 27.67 | 29.72 | NOTE | |
r-devel-linux-x86_64-fedora-clang | 1.2.1 | 48.31 | NOTE | |||
r-devel-linux-x86_64-fedora-gcc | 1.2.1 | 44.94 | NOTE | |||
r-devel-windows-ix86+x86_64 | 1.2.1 | 12.00 | 69.00 | 81.00 | OK | |
r-patched-linux-x86_64 | 1.2.1 | 1.33 | 35.84 | 37.17 | NOTE | |
r-patched-solaris-x86 | 1.2.1 | 70.00 | OK | |||
r-release-linux-x86_64 | 1.2.1 | 1.73 | 35.95 | 37.68 | NOTE | |
r-release-windows-ix86+x86_64 | 1.2.1 | 7.00 | 89.00 | 96.00 | OK | |
r-release-osx-x86_64 | 1.2.1 | OK | ||||
r-oldrel-windows-ix86+x86_64 | 1.2.1 | 6.00 | 88.00 | 94.00 | OK | |
r-oldrel-osx-x86_64 | 1.2.1 | OK |
Version: 1.2.1
Check: compiled code
Result: NOTE
File ‘ssa/libs/ssa.so’:
Found no calls to: ‘R_registerRoutines’, ‘R_useDynamicSymbols’
It is good practice to register native routines and to disable symbol
search.
See ‘Writing portable packages’ in the ‘Writing R Extensions’ manual.
Flavors: r-devel-linux-x86_64-debian-clang, r-devel-linux-x86_64-debian-gcc, r-devel-linux-x86_64-fedora-clang, r-devel-linux-x86_64-fedora-gcc, r-patched-linux-x86_64, r-release-linux-x86_64