Last updated on 2018-02-24 09:51:51 CET.
Flavor | Version | Tinstall | Tcheck | Ttotal | Status | Flags |
---|---|---|---|---|---|---|
r-devel-linux-x86_64-debian-clang | 1.0.0 | 1.63 | 32.16 | 33.79 | NOTE | |
r-devel-linux-x86_64-debian-gcc | 1.0.0 | 1.71 | 25.43 | 27.14 | NOTE | |
r-devel-linux-x86_64-fedora-clang | 1.0.0 | 39.48 | NOTE | |||
r-devel-linux-x86_64-fedora-gcc | 1.0.0 | 38.55 | NOTE | |||
r-devel-windows-ix86+x86_64 | 1.0.0 | 6.00 | 53.00 | 59.00 | NOTE | |
r-patched-linux-x86_64 | 1.0.0 | 1.88 | 35.66 | 37.54 | NOTE | |
r-patched-solaris-x86 | 1.0.0 | 62.70 | NOTE | |||
r-release-linux-x86_64 | 1.0.0 | 2.01 | 35.41 | 37.42 | NOTE | |
r-release-windows-ix86+x86_64 | 1.0.0 | 6.00 | 65.00 | 71.00 | NOTE | |
r-release-osx-x86_64 | 1.0.0 | NOTE | ||||
r-oldrel-windows-ix86+x86_64 | 1.0.0 | 4.00 | 41.00 | 45.00 | NOTE | |
r-oldrel-osx-x86_64 | 1.0.0 | NOTE |
Version: 1.0.0
Check: DESCRIPTION meta-information
Result: NOTE
Malformed Title field: should not end in a period.
Flavors: r-devel-linux-x86_64-debian-clang, r-devel-linux-x86_64-debian-gcc, r-devel-linux-x86_64-fedora-clang, r-devel-linux-x86_64-fedora-gcc, r-devel-windows-ix86+x86_64, r-patched-linux-x86_64, r-patched-solaris-x86, r-release-linux-x86_64, r-release-windows-ix86+x86_64, r-release-osx-x86_64, r-oldrel-windows-ix86+x86_64, r-oldrel-osx-x86_64