CRAN Package Check Results for Package survminer

Last updated on 2018-02-24 09:51:51 CET.

Flavor Version Tinstall Tcheck Ttotal Status Flags
r-devel-linux-x86_64-debian-clang 0.4.2 8.33 173.76 182.09 OK
r-devel-linux-x86_64-debian-gcc 0.4.2 6.73 130.18 136.91 OK
r-devel-linux-x86_64-fedora-clang 0.4.2 214.87 NOTE
r-devel-linux-x86_64-fedora-gcc 0.4.2 207.01 NOTE
r-devel-windows-ix86+x86_64 0.4.2 22.00 234.00 256.00 NOTE
r-patched-linux-x86_64 0.4.2 4.93 196.09 201.02 OK
r-patched-solaris-x86 0.4.2 304.50 NOTE
r-release-linux-x86_64 0.4.2 5.79 203.86 209.65 OK
r-release-windows-ix86+x86_64 0.4.2 19.00 275.00 294.00 NOTE
r-release-osx-x86_64 0.4.2 NOTE
r-oldrel-windows-ix86+x86_64 0.4.2 13.00 200.00 213.00 NOTE
r-oldrel-osx-x86_64 0.4.1 NOTE

Check Details

Version: 0.4.2
Check: installed package size
Result: NOTE
     installed size is 5.6Mb
     sub-directories of 1Mb or more:
     doc 5.1Mb
Flavors: r-devel-linux-x86_64-fedora-clang, r-devel-linux-x86_64-fedora-gcc, r-devel-windows-ix86+x86_64, r-patched-solaris-x86, r-release-windows-ix86+x86_64, r-release-osx-x86_64, r-oldrel-windows-ix86+x86_64

Version: 0.4.1
Check: installed package size
Result: NOTE
     installed size is 5.2Mb
     sub-directories of 1Mb or more:
     doc 4.9Mb
Flavor: r-oldrel-osx-x86_64